e prime factors of h(-4)?
2, 3
Let f = 29 - 26. Suppose -5*m = -f*i - i + 545, -4*i - m = -563. List the prime factors of i.
2, 5, 7
Let i = -23 - -29. Suppose 0*a - i*a + 672 = 0. List the prime factors of a.
2, 7
Suppose -6*y = -5095 - 3491. What are the prime factors of y?
3, 53
List the prime factors of (-68)/(-187) + (-16540)/(-11).
2, 47
Let w = 37 + -35. List the prime factors of (13/w)/((-4)/(-40)).
5, 13
Let m(i) = -1 - i**2 + 29*i + 42 - 15. What are the prime factors of m(20)?
2, 103
Suppose -2*f + 56 = -12. Suppose l = 5*l - 76. Suppose q + 4*v - f = 0, -2*q + q + l = v. What are the prime factors of q?
2, 7
Suppose 4*q + d - 2597 = 0, -14*q = -19*q + 5*d + 3215. List the prime factors of q.
2, 3
Let t(x) = -x**3 + x**2 + x. Let v(l) = 2*l**3 + 3*l**2 + 3*l - 9. Let h(c) = 3*t(c) + v(c). What are the prime factors of h(6)?
3
Let z(d) = -d + 1. Let f(x) = 40*x**2 + 9*x - 4. Let i(h) = f(h) + 6*z(h). Let o = -9 - -8. What are the prime factors of i(o)?
3, 13
Let s(n) = -7*n**3 - 9*n**2 - 4*n + 15. What are the prime factors of s(-6)?
3, 409
Let t = 122 - 120. Suppose -5 = -5*f, -5*m + f + 696 = t*f. List the prime factors of m.
139
Suppose -17*n = -19*n + 3046. List the prime factors of n.
1523
Let b be 1/(2/(-6)) - (-12 - 24). Let a be ((-40)/(-25))/((-2)/(-5)). Suppose -39 - b = -a*i. What are the prime factors of i?
2, 3
Suppose -3*f - 1 = 5*q + 77, q + 24 = -f. Let l = f + 55. What are the prime factors of l?
2, 17
Suppose -5*b - 520 = -r - 55, 5*r - 3*b = 2259. List the prime factors of r/10 - (-2 - 2).
7
Let m(f) = f**2 - 2*f + f + 7*f - 2*f**2 + 2. Let w be m(6). Suppose -w*c = -12 + 2. What are the prime factors of c?
5
Let g be 2 + -2 + -5 + 7. List the prime factors of (g/15 - 372/90) + 10.
2, 3
Let s = -152 + 340. List the prime factors of s.
2, 47
Let g = 287 + -218. What are the prime factors of g?
3, 23
Let x(s) = -s**2 - 7*s - 3. Let b be 10/(-15) + (-58)/(-6). Suppose -5*n - 21 = b. List the prime factors of x(n).
3
What are the prime factors of (-6)/15 + ((-83448)/(-45) - -1)?
5, 7, 53
Let h(k) be the second derivative of 1/6*k**4 - 1/3*k**3 + 0 + 5*k - 2*k**2. What are the prime factors of h(3)?
2
Let s be -53 + 2 + (-6 - (-2 + 2)). List the prime factors of s*(21/(-45) - (-2)/(-10)).
2, 19
Let g = -3834 - -8816. List the prime factors of g.
2, 47, 53
Let k(c) = -207*c + 34. List the prime factors of k(-6).
2, 11, 29
Let k(b) = -8*b**2 + b - 1. Let v be k(1). Let c = v + 17. Let g = -1 + c. List the prime factors of g.
2
List the prime factors of 3/(5 + 15/2330*-776).
3, 233
Let x be 36/20 - -3 - 2/(-10). Let h(v) = 15*v**2 - 15*v + 12. List the prime factors of h(x).
2, 3, 13
Suppose 0*k - k + 2 = 0. Suppose 6 = 2*v, 3*l - k*v + 3*v - 261 = 0. What are the prime factors of l?
2, 43
Let g = -8 - -13. Let d be (3 - 1) + -4 + 460/2. Suppose 0 = g*n - d - 47. What are the prime factors of n?
5, 11
Let i(d) = 3*d + 6. Let f be i(-2). Suppose f = 5*p - 5*r - 315, 2*p + r - 127 = 2*r. List the prime factors of p.
2
Suppose -3*g + 1178 = -g - b, -2*g = -3*b - 1186. List the prime factors of g.
587
Suppose 0*a + 6 = -4*a - 3*u, -11 = a - 4*u. Let y be (-4 - a)*(0 + -3). Suppose y*q = -2 - 4, 0 = 2*f - q - 8. What are the prime factors of f?
3
List the prime factors of (-10)/(-75)*-5*11538/(-4).
3, 641
Let b(q) = -13*q + 22. Let m(k) = -3*k**2 - k. Let z be m(-2). Let h be b(z). Let u = h + -95. What are the prime factors of u?
3, 19
Let b(z) be the first derivative of 5/2*z**2 + 1 + 2*z. List the prime factors of b(4).
2, 11
Let o = -790 - -1977. List the prime factors of o.
1187
Let b(g) = -g**3 - 7*g**2 + 8*g - 7. Let o be b(-8). Let t(v) = -5*v + 13. What are the prime factors of t(o)?
2, 3
Let n(u) = 2*u**2 - 3*u - 4. Let g be n(3). Let b = 9 - g. What are the prime factors of -2 + 3 + b/2?
3
Suppose 16*g - 1636 = 2540. List the prime factors of g.
3, 29
Suppose 40 = 7*t - 16. Suppose t*a = 363 + 645. List the prime factors of a.
2, 3, 7
Let s(t) = -3*t + 3. Let z be s(2). List the prime factors of z/(-1) - (2/1 - 46).
47
List the prime factors of (80/36 - 2) + 10094/18.
3, 11, 17
Let s = 930 + -197. What are the prime factors of s?
733
Suppose 0 = 6*c + 5*c - 264. Let v = 303 + c. What are the prime factors of v?
3, 109
Let t = -31 - -34. Suppose t*c + 0*c = 0, 2*u - 202 = 3*c. Let w = u + -49. What are the prime factors of w?
2, 13
Let a be 1090/16 - ((-54)/(-48))/9. Let c = 202 - a. List the prime factors of c.
2, 67
Let v be (-1 - -2)/((-5)/(-15)). Suppose 2*i + 6 = 4*i - v*c, 0 = -5*c. Suppose 2*h = -s + 3*s + 70, -2*s = -i*h + 102. List the prime factors of h.
2
Let o be 6 - -109 - 1*-2. Let s = -79 + o. List the prime factors of s.
2, 19
Let f be (-1486)/7 + 4/14. Let v = f + 361. What are the prime factors of v?
149
Suppose -4 = -3*n + n. Suppose -l = -n - 1. Suppose -l*t = 33 - 111. List the prime factors of t.
2, 13
Let g(u) = 13*u**2 + u - 1. Let v be ((-2)/3*3)/1. List the prime factors of g(v).
7
Let b be 56/((-3 - -6)/3). Let l = 80 - b. Suppose 5*w = -l + 79. What are the prime factors of w?
11
Suppose 2*n + 56 = 6*s - 3*s, 0 = -n + 2*s - 30. Let l = 7 + n. Let b = l - -17. What are the prime factors of b?
2
Suppose 2*c - 6*c - 3*d - 12 = 0, 5*d + 20 = -3*c. Suppose c = 2*r + 2*v + 36, -79 - 7 = 5*r + 4*v. Let o = 18 + r. What are the prime factors of o?
2
Let y = -2995 - -4276. List the prime factors of y.
3, 7, 61
Let v be ((-1)/(2/3))/((-25)/50). Let b(d) = 17*d - 3. What are the prime factors of b(v)?
2, 3
Suppose 3*z = -0*z - 15, 4*x + 3*z = -19. Let f = x + 1. Suppose t + t + 3*s - 8 = 0, f = -5*t - 3*s + 38. What are the prime factors of t?
2, 5
Let r(g) = g**2 + 5*g + 7. Let b be r(-6). Let s(l) = l**3 - 9*l**2 - 30*l - 29. What are the prime factors of s(b)?
257
Let a(x) = 3 + 1 + 11*x**2 - 3. Let b(r) = 2*r**3 - r**2 - 4*r + 4. Let o be b(1). What are the prime factors of a(o)?
2, 3
Let b = -56 - -96. Suppose -g = -35 - b. List the prime factors of g.
3, 5
Suppose 7*k + 15516 = 16*k. List the prime factors of k.
2, 431
Suppose -35*w = -56865 + 7410. List the prime factors of w.
3, 157
Suppose -4*i + 5*v - 6*v + 1306 = 0, -5*v = 4*i - 1314. Let m = -202 + i. What are the prime factors of m?
2, 31
Let j = 19 - -480. What are the prime factors of j?
499
Let m(l) = 191*l**3 + 3*l - 3. List the prime factors of m(1).
191
Let b(g) be the third derivative of -g**5/60 + 13*g**4/24 - g**3/6 - g**2. Let d(v) = 2*v**2 - 9*v - 29. Let u be d(7). List the prime factors of b(u).
41
Let i(m) = -5*m**2 - 13*m + 15. Let k(h) = -h - 7 + 5*h**2 - 2*h**2 + 2*h + 5*h. Let a(r) = 6*i(r) + 13*k(r). What are the prime factors of a(1)?
2
Let y(a) = -4923*a**3 + 4*a**2 + 10*a + 6. List the prime factors of y(-1).
3, 547
Suppose s + 2*i - 53 = 0, 148 = 3*s - i - 4*i. Let b = s + 34. List the prime factors of b.
5, 17
What are the prime factors of 16548/24*-2*(-2)/7?
2, 197
Let j(b) = 2 + 6*b**2 - b - 9*b**2 + 2*b**2. Let k be j(-3). Let x(l) = l**2 + 2*l + 2. List the prime factors of x(k).
2, 5
Suppose -3*z + 4*z - 3 = 0. Suppose 11*l - 420 = 7*l + 4*w, z*w = -3*l + 315. What are the prime factors of l?
3, 5, 7
Let a = 304 + 400. What are the prime factors of a?
2, 11
Suppose 2*j = 2*l, -5*l - 2 + 1 = -4*j. List the prime factors of -2*(-355)/20 + j/2.
5, 7
Suppose 1619 = j - d, -8*j + 5*j = -2*d - 4857. List the prime factors of j.
1619
Let s(a) = -a**2 - 5*a + 3. Let n be s(-4). Suppose 0 = 2*i - n*i + 190. What are the prime factors of i?
2, 19
List the prime factors of (1962/(-63))/(2/(-70)).
2, 5, 109
Suppose -49 = -4*d - 0*d + 5*s, 11 = d - s. Suppose -d = 4*t - 26. Suppose -t*a + 6 = -104. What are the prime factors of a?
2, 11
Suppose -18 = 4*x - 5*h, -h = x - 2*h + 4. Let c = x - -8. List the prime factors of c.
2, 3
Let x = -2 + -102. Let k be 836/26 + 16/x. Let w = k + -22. What are the prime factors of w?
2, 5
Suppose 7160 + 4416 = 8*f. List the prime factors of f.
1447
Suppose -179 = 2*a - 3*a. Suppose 5*q + 2*d = 788, -q + a - 11 = 3*d. Suppose q = 2*m + 2*m. What are the prime factors of m?
3, 13
Suppose -4*a + x + 1500 = 4*x, 5*a - 3*x = 1848. List the prime factors of a.
2, 3, 31
Let j(m) = -71*m - 15. Let y be j(-6). Suppose -3*q = -v + 25 + 65, -4*v + y = 5*q. List the prime factors of v.
3, 11
Su